ert -2812093 (base 10) to base 16.
-2ae8bd
Convert 102c706 (base 13) to base 3.
100020112021211
What is 1213381 (base 9) in base 7?
5412061
-5a79a4 (base 15) to base 16
-420de1
What is c62a9 (base 13) in base 10?
356391
Convert 200232013332 (base 4) to base 3.
121010210011110
-13442253 (base 7) to base 8
-4621400
What is -415502 (base 6) in base 4?
-20031332
-c1867e (base 16) to base 15
-11a7d53
59b4b1 (base 13) to base 10
2138501
What is -491b6a (base 14) in base 4?
-21202312102
What is 111540114 (base 7) in base 3?
110210110102110
Convert 166960 (base 15) to base 13.
2c0103
What is 3012220310 (base 4) in base 14?
17271a
-70b7b5 (base 13) to base 5
-1132441144
-23020011 (base 6) to base 12
-29a607
Convert -91464 (base 11) to base 12.
-6541a
Convert 114085 (base 10) to base 4.
123312211
Convert 397a1 (base 15) to base 14.
4b092
What is 1aa25c (base 15) in base 11?
808709
Convert -b63 (base 16) to base 14.
-10c3
What is 55205 (base 11) in base 9?
131787
What is -3005323 (base 6) in base 14?
-39639
What is -2c4101 (base 13) in base 11?
-688167
Convert -4a2b3 (base 13) to base 10.
-136698
-33b29 (base 16) to base 11
-135103
What is -1232462 (base 7) in base 15?
-32362
What is 94052 (base 11) in base 4?
201132332
What is 430a0a (base 13) in base 9?
2856123
What is -13335444 (base 6) in base 7?
-3545131
-457d6 (base 16) to base 15
-59505
362107 (base 9) to base 15
44924
4002642 (base 9) to base 6
113334402
Convert -2012122220 (base 3) to base 16.
-a9e6
Convert 201221000121102 (base 3) to base 2.
101000011001011011001001
What is -532d81 (base 14) in base 7?
-32622521
What is 549dd (base 15) in base 4?
1001220322
What is 1889387 (base 13) in base 16?
7ac5d0
What is -2068756 (base 9) in base 11?
-697a88
20021121012011 (base 3) to base 2
1100101110111111110110
-20622 (base 12) to base 4
-22111322
Convert 12440423 (base 7) to base 13.
30a02b
What is -2924976 (base 12) in base 9?
-16481240
Convert -34077470 (base 8) to base 5.
-3341410400
What is 55681 (base 11) in base 6?
1421255
124b59 (base 14) to base 13
18ca26
-12196900 (base 10) to base 16
-ba1c24
What is -100166 (base 11) in base 13?
-58515
Convert -1a913 (base 16) to base 12.
-52b83
20004132 (base 7) to base 14
30cac2
2444422 (base 6) to base 12
63712
-151177 (base 9) to base 15
-1c724
Convert 239103 (base 12) to base 13.
171c99
What is da985 (base 15) in base 3?
1022021000122
What is 14153103 (base 6) in base 3?
220110111110
Convert 1120441 (base 6) to base 14.
16bb3
83051 (base 11) to base 8
354531
What is -631455 (base 9) in base 10?
-375080
-552810 (base 12) to base 9
-2481203
5c6328 (base 15) to base 7
52420601
Convert -10a8a (base 15) to base 7.
-310351
-202021011020 (base 3) to base 2
-1100001011000011101
What is -22299b (base 16) in base 14?
-423cb9
Convert 163948 (base 10) to base 6.
3303004
-3402124 (base 6) to base 4
-221320210
Convert -42282a (base 16) to base 5.
-2102220113
What is -102202211 (base 4) in base 11?
-52068
Convert 152311 (base 10) to base 14.
3d715
-1000b7b (base 13) to base 9
-10068740
Convert 100223303 (base 4) to base 16.
10af3
-5001314 (base 9) to base 14
-4d2a2a
What is 126052 (base 10) in base 5?
13013202
Convert -1067154 (base 11) to base 12.
-761660
What is 7a153 (base 13) in base 15?
45c3e
237748 (base 9) to base 11
988a0
What is 14001414 (base 5) in base 4?
202120323
What is -c7d0 (base 16) in base 11?
-35482
-2bb230 (base 12) to base 4
-2311322010
Convert -6b2803 (base 15) to base 3.
-100122012121210
What is 712274 (base 8) in base 5?
30002214
Convert 200323231202 (base 4) to base 8.
40735542
What is 1970640 (base 10) in base 15?
28dd60
Convert -5718a9 (base 13) to base 11.
-1187850
13457 (base 15) to base 6
1153444
32ced (base 16) to base 8
626355
2213023311 (base 4) to base 7
5551320
Convert b578 (base 12) to base 13.
9038
-1434142131 (base 5) to base 6
-213501504
241420410 (base 5) to base 3
2010001210010
What is 297189 (base 13) in base 15?
150c66
-431331 (base 7) to base 16
-124bf
Convert 9168 (base 11) to base 10.
12174
-24244252 (base 6) to base 13
-20b874
What is -96d2 (base 15) in base 13?
-116b7
25d19 (base 15) to base 16
1d8f2
Convert 113402 (base 6) to base 9.
14472
What is -6675 (base 16) in base 3?
-1022222110
What is -840173 (base 14) in base 6?
-235304105
Convert -126017 (base 10) to base 8.
-366101
51033243 (base 6) to base 12
59b823
What is -4863b (base 12) in base 8?
-276617
2325230 (base 6) to base 10
120402
What is -a400a0 (base 13) in base 3?
-21012110002000
What is 20212 (base 6) in base 12?
1668
-19b95b (base 12) to base 13
-12c62c
6c97e (base 15) to base 9
577142
What is 210011112212021 (base 3) in base 4?
222322202203
Convert -412422300 (base 5) to base 3.
-10011122200121
What is 254 (base 7) in base 14?
9b
-1746ac (base 15) to base 10
-1128762
Convert 38a58a (base 13) to base 8.
5152460
What is 1c4039 (base 14) in base 11?
62a78a
Convert -1543560 (base 10) to base 6.
-53030040
What is -1630172 (base 10) in base 11?
-a13855
Convert -528ce (base 15) to base 12.
-107665
-112441001 (base 5) to base 2
-1111101110000110110
Convert -15024243 (base 7) to base 3.
-2200001020220
Convert -2754554 (base 9) to base 14.
-2b5248
What is c68c9 (base 15) in base 12?
264523
What is -5352534 (base 6) in base 5?
-31414342
What is -131045061 (base 7) in base 4?
-133322012121
Convert 24540042 (base 6) to base 16.
c103a
What is 1a27672 (base 11) in base 7?
41040101
What is 11405243 (base 8) in base 6?
125234031
Convert -4401331 (base 6) to base 16.
-353d7
What is -422b89 (base 13) in base 4?
-11322011310
What is 51472 (base 9) in base 6?
421015
What is 100210111001000 (base 3) in base 4?
103312330320
What is -341440243 (base 5) in base 4?
-11301321001
6158760 (base 9) to base 16
3227a9
-578061 (base 13) to base 4
-13322112333
What is -1448648 (base 9) in base 8?
-3032763
What is 1133851 (base 9) in base 8?
2255276
What is -11101010001110110 (base 2) in base 12?
-5949a
-16554 (base 11) to base 14
-86b9
-109123 (base 10) to base 15
-224ed
-70509 (base 10) to base 9
-116643
What is -49187a (base 12) in base 9?
-2205364
Convert 100011101111001111 (base 2) to base 13.
51823
Convert 194032 (base 10) to base 4.
233113300
What is -9755b (base 15) in base 9?
-812055
Convert 2211200220 (base 3) to base 14.
1653c
-14aba4 (base 13) to base 12
-206a24
Convert 2906b6b (base 12) to base 13.
191c093
What is 15262026 (base 7) in base 4?
11210210202
-1907b7 (base 13) to base 6
-21255055
What is -1a82b0 (base 16) in base 14?
-333236
What is 77812 (base 11) in base 7?
646551
What is 12032221 (base 5) in base 16?
1b3c9
5107771 (base 8) to base 10
1347577
What is 35231353 (base 8) in base 12?
26a4a63
-2423421 (base 5) to base 4
-23012232
Convert 1101201121201 (base 3) to base 16.
b54ad
Convert 622777 (base 12) to base 2.
101110111101111001011
-9c271b (base 15) to base 3
-112000111210022
What is 442300 (base 7) in base 10?
77665
What is b539 (base 14) in base 8?
74757
What is -130203503 (base 6) in base 13?
-6aa2a1
-298501 (base 14) to base 2
-101100000100111100101
What is -32523746 (base 8) in base 12?
-2411032
What is 311230021 (base 4) in base 12?
a7321
What is 43125b (base 12) in base 5?
232401443
What is -7a541 (base 13) in base 5?
-24112140
-10ec40 (base 15) to base 9
-1463236
11001110010010010001 (base 2) to base 8
3162221
Convert -850ef3 (base 16) to base 6.
-510522523
-20420300 (base 5) to base 15
-355d5
What is -123102000 (base 4) in base 16?
-1b480
Convert -10215205 (base 7) to base 13.
-2420b9
Convert 886735 (base 11) to base 6.
50152103
What is -19a8ec (base 15) in base 2?
-100110001010111010100
e38be7 (base 15) to base 4
221033312101
Convert 177506 (base 8) to base 3.
10022122101
1ba06 (base 15) to base 2
10101111110010110
-111230300333 (base 4) to base 16
-56cc3f
Convert 351a52a (base 12) to base 15.
d74507
What is -36cd75 (base 14) in base 8?
-7126773
Convert 111111101001101111110 (base 2) to base 9.
3828108
445417 (base 11) to base 15
e0535
Convert 20102110022101 (base 3) to base 12.
1187931
4a887 (base 13) to base 7
1112251
Convert -c96b2 (base 13) to base 14.
-96760
Convert 40120231 (base 5) to base 8.
1153015
-10655869 (base 11) to base 10
-20534380
What is -60170a (base 11) in base 6?
-32431434
Convert -761771 (base 9) to base 5.
-104012234
-1010100101